or of 11078937 and 45?
9
Calculate the highest common divisor of 428 and 9057550.
214
What is the highest common divisor of 93 and 1125889?
31
What is the greatest common factor of 114918 and 654198?
642
What is the highest common divisor of 35128809 and 63?
9
What is the highest common divisor of 5 and 8202875?
5
Calculate the highest common factor of 778086228 and 1104.
276
What is the greatest common divisor of 1172 and 13887028?
1172
Calculate the highest common divisor of 22550730 and 18.
6
What is the highest common factor of 586 and 29823298?
586
What is the highest common divisor of 5445 and 1243260?
45
What is the highest common factor of 10457380 and 10?
10
Calculate the greatest common divisor of 20 and 479770.
10
Calculate the highest common factor of 1638 and 607299.
21
What is the greatest common factor of 169342962 and 6?
6
What is the greatest common factor of 3829 and 4861189?
547
What is the greatest common factor of 37 and 237825899?
37
What is the highest common factor of 284007 and 111110?
41
Calculate the greatest common factor of 370662 and 59882.
758
Calculate the greatest common factor of 5175 and 569325.
75
Calculate the greatest common divisor of 8150 and 46849460.
1630
What is the highest common divisor of 92900 and 50161355?
4645
What is the highest common factor of 2247 and 219325925?
749
What is the greatest common factor of 31221894 and 1326?
102
What is the highest common divisor of 269 and 459721?
269
What is the highest common factor of 87287 and 56211?
457
What is the highest common divisor of 202240 and 1130?
10
Calculate the greatest common divisor of 61709 and 2009567.
2683
Calculate the highest common divisor of 664 and 214319944.
664
What is the highest common divisor of 4396464 and 1512?
216
What is the greatest common factor of 306 and 159566607?
153
Calculate the highest common factor of 3336 and 596968304.
1112
What is the highest common divisor of 18501732 and 180?
36
Calculate the highest common divisor of 52948712 and 492.
164
Calculate the highest common factor of 1380 and 56466.
6
What is the highest common factor of 20 and 59082680?
20
Calculate the greatest common divisor of 58236 and 26899968.
2532
What is the highest common factor of 48742262 and 18292?
538
What is the greatest common divisor of 16 and 454556272?
16
Calculate the greatest common factor of 3648693 and 203116.
493
Calculate the greatest common factor of 778577 and 515.
103
Calculate the greatest common divisor of 148 and 100541728.
148
Calculate the highest common factor of 61498137 and 3948.
141
What is the greatest common divisor of 7489028 and 778?
778
Calculate the highest common divisor of 9 and 1191917.
1
Calculate the highest common divisor of 119044 and 34.
2
What is the highest common divisor of 54 and 299966247?
27
Calculate the highest common factor of 1380 and 3021360.
60
Calculate the highest common factor of 21343320 and 404.
404
What is the greatest common factor of 201131 and 15871?
59
What is the highest common factor of 8813892 and 21653?
59
What is the greatest common factor of 2688969600 and 4672?
4672
Calculate the highest common factor of 240590 and 4410.
490
What is the highest common factor of 312 and 1618136?
104
What is the highest common divisor of 4516135 and 244?
61
Calculate the greatest common factor of 18 and 226244700.
18
Calculate the highest common divisor of 476 and 122164.
28
What is the highest common divisor of 1377 and 374635494?
153
Calculate the greatest common divisor of 3717355 and 3676.
919
What is the highest common factor of 6264 and 2189032?
8
What is the greatest common divisor of 155324 and 4988?
116
What is the greatest common divisor of 36 and 4066731?
9
What is the greatest common factor of 1964253186 and 126?
126
What is the greatest common divisor of 16268 and 269003?
581
Calculate the highest common divisor of 4662 and 4987526.
74
What is the greatest common divisor of 10648224 and 24768?
288
Calculate the greatest common factor of 2465 and 1122097.
29
What is the highest common factor of 230622864 and 108?
12
What is the greatest common divisor of 262366 and 9568?
26
What is the greatest common divisor of 1231264550 and 12440?
3110
What is the highest common factor of 7847 and 703?
19
What is the highest common factor of 2624 and 1855619?
41
Calculate the highest common factor of 74 and 8504339.
37
What is the greatest common divisor of 180778136 and 17?
17
What is the highest common divisor of 19798 and 413674?
1042
Calculate the highest common factor of 7 and 513108001.
7
Calculate the greatest common divisor of 7358996 and 132556.
4276
Calculate the greatest common divisor of 352261 and 16966495.
4459
What is the greatest common factor of 31 and 3283095889?
31
What is the greatest common factor of 1509032843 and 379?
379
Calculate the highest common factor of 21155699 and 4945.
989
Calculate the highest common divisor of 16 and 24359864.
8
Calculate the highest common divisor of 63 and 1489707.
9
Calculate the greatest common factor of 214269 and 80410.
473
What is the greatest common factor of 104071424 and 556608?
14272
What is the highest common factor of 2943684 and 108?
36
What is the greatest common divisor of 12954 and 852297?
381
What is the highest common factor of 40701092 and 20?
4
What is the highest common divisor of 30 and 3384105?
15
What is the highest common divisor of 12580258 and 2726?
58
What is the highest common divisor of 6096345 and 120?
15
Calculate the highest common factor of 5 and 1334225.
5
What is the greatest common divisor of 35156325 and 310?
155
What is the greatest common divisor of 56720772 and 5508?
612
Calculate the greatest common factor of 248 and 14792363.
31
What is the greatest common divisor of 4511 and 190557132?
347
What is the greatest common factor of 1474848 and 104127?
1707
Calculate the highest common factor of 1504 and 62228.
188
What is the highest common factor of 77305296 and 204?
12
Calculate the greatest common factor of 222 and 50422083.
111
What is the highest common divisor of 167320273 and 34?
17
Calculate the highest common factor of 39270720 and 5320.
760
Calculate the highest common divisor of 136340 and 3554020.
340
Calculate the highest common factor of 26 and 566358013.
13
Calculate the highest common divisor of 39794945 and 3105.
115
What is the highest common divisor of 149324 and 332?
4
What is the highest common divisor of 26010 and 131865498?
5202
Calculate the greatest common factor of 1445014 and 883544.
1234
What is the highest common divisor of 65803366 and 6478?
158
What is the highest common factor of 240334012 and 159?
53
Calculate the greatest common factor of 5152 and 42752.
32
What is the highest common divisor of 5000 and 163923000?
1000
What is the highest common divisor of 154928576 and 458?
458
What is the greatest common divisor of 705537 and 1386?
63
Calculate the greatest common factor of 124584 and 358716.
2148
Calculate the greatest common divisor of 20 and 2308232.
4
Calculate the highest common divisor of 38808 and 21384.
792
Calculate the greatest common factor of 6976 and 173152.
32
What is the highest common divisor of 293208712 and 164?
164
What is the greatest common factor of 515124 and 201373?
349
What is the highest common factor of 5355 and 89287485?
1785
Calculate the highest common divisor of 631614 and 3477.
3
Calculate the greatest common divisor of 596 and 789362813.
149
Calculate the greatest common factor of 159697639 and 2810.
281
Calculate the greatest common divisor of 44 and 190689411.
11
What is the highest common divisor of 63470 and 8270?
10
Calculate the highest common factor of 2860976 and 138224.
2608
Calculate the greatest common divisor of 5030 and 11017712.
1006
Calculate the greatest common divisor of 137906 and 63494.
106
Calculate the greatest common divisor of 416 and 1425021.
13
Calculate the greatest common divisor of 582732158 and 15459.
5153
Calculate the greatest common factor of 2292 and 10246596.
12
Calculate the greatest common factor of 72801690 and 20.
10
What is the highest common divisor of 32388893 and 41?
41
Calculate the highest common factor of 240 and 58485.
15
Calculate the greatest common factor of 1600209 and 13968.
87